b be (44/(-4))/(-1) - (-3 - -4 - 8). What is the highest common divisor of 513 and b?
9
Let o be (10/6 - 2)*6 + 6. Suppose -33 = -z - o*h, 4*z + 13*h = 14*h + 47. What is the highest common factor of z and 13?
13
Let i(d) = d**3 + 9*d**2 + 22*d + 8. Let o be i(-9). Let w be 1376/10 - 76/o. What is the highest common factor of w and 46?
46
Suppose a - 3*i = 83, a = 4*a + 2*i - 194. Suppose 415 + a = 23*d. Let q be (2/4)/((-2)/(-84)). Calculate the highest common factor of d and q.
21
Let m be (54 + 2)/(-7) + 49. Suppose -41 - m = -2*k. Calculate the greatest common divisor of 2 and k.
1
Suppose 0*s = -2*s - 2*a - 226, 0 = 5*a + 25. Let t = 121 + s. Let w(f) = f**2 + 2*f + 5. Let x be w(-4). What is the highest common divisor of t and x?
13
Suppose 26*g = -91*g + 12168. What is the highest common divisor of g and 2834?
26
Let f = 3 + 3. Let b(s) = -10*s - 2. Let g be b(-2). Suppose -5*a + 7*a = -m + g, 5*m + 3*a = 111. What is the greatest common factor of m and f?
6
Suppose 0 = -b + 3*n + 18, -2*b = b - 2*n - 33. Suppose 5*x - 3 = -2*t + 6*x, -3*t + b = 3*x. Calculate the greatest common factor of t and 32.
2
Let r be 177*(4/(-8))/((-15)/(-40)). Let i = r + 252. Calculate the greatest common divisor of 128 and i.
16
Suppose -2*r = -10, 4*l + 4*r - 298 = -198. Let v be 2/(-6) + (-182)/(-6). What is the greatest common factor of v and l?
10
Let d = 10719 + -10712. Calculate the highest common factor of 2513 and d.
7
Let o(g) = 41*g + 31. Let i(q) = q + 1. Let k(m) = 4*i(m) - o(m). Let a be k(-3). Calculate the highest common factor of 12 and a.
12
Let b be 2/10*0*-1. Suppose 4*k - 5*k - 12 = b. Let y be (-80)/(-14) - k/42. Calculate the highest common factor of 66 and y.
6
Let x be 66656/30 - (931/105 + -7 - 2). What is the greatest common divisor of 198 and x?
22
Suppose 13 = 8*d - 187. Suppose n + 5*y - 35 = 0, -4*n + 112 - 20 = 4*y. What is the highest common divisor of d and n?
5
Let g be 8/(-10) - (-21)/(525/(-380)). Let m(i) = 11*i**2 + 116*i. Let n be m(g). What is the highest common divisor of 60 and n?
60
Suppose -3*l - 4*g - 317 = -568, -2*g = l - 81. What is the highest common factor of 3649 and l?
89
Suppose -s + 2*i + 0*i = -16, -s + 28 = -8*i. What is the greatest common factor of 1080 and s?
12
Let i = -26 + 36. Let t be (-2)/(1*(-3)/270). Suppose -15*n + 18*n = t. Calculate the greatest common factor of i and n.
10
Let q = 47 + -41. Let w be (208/12)/(q/9). Let a = -21 + 255. What is the highest common divisor of a and w?
26
Let t(u) = -7*u - 10. Let l be (-735)/(-6) + 4 + 3/6. Suppose 114 = x + l. Let d be t(x). What is the highest common factor of d and 27?
27
Let z(l) = -66*l**3 - 3*l**2 - 2*l. Let a be z(-2). Let c = 159215 - 159175. What is the highest common factor of a and c?
40
Suppose -112 = -3*p - 88. Let q(w) = 6*w**2 - 7*w + 12. Let u be q(4). Suppose 40 + u = 3*h. What is the highest common factor of h and p?
8
Let b be 7 + -6 + -2 + 9. Let m be b - (-261)/(-18)*-4. What is the greatest common factor of m and 88?
22
Let t be (-6)/(-1*2)*-3. Let f be (-8)/36 + (-38)/t. Let w(b) = -b**3 - 10*b**2 - 258*b - 3372. Let u be w(-12). What is the highest common divisor of f and u?
4
Suppose 0 = 4*x - j + 165 - 25, j = 5*x + 174. Let n = -131 + x. Let h = n + 341. What is the greatest common factor of h and 16?
16
Suppose 77 = -3*l - 4*s, -2*s + 47 = -2*l - l. Let o = l + 22. Suppose -c = o*c, 4*c = 4*r - 228. What is the highest common divisor of r and 38?
19
Let m = -59 - 42. Let n = m - -103. Suppose 3*k - 48 = 3*t, 3*k + n*t = 6*k - 50. What is the greatest common divisor of 45 and k?
9
Suppose 5*p = 5*u + 130, -3*u - 14 + 56 = p. Calculate the highest common factor of p and 3630.
30
Let m = 11921 - 7614. What is the highest common factor of 511 and m?
73
Suppose 238*j + 9126 = 127*j + 117*j. What is the greatest common divisor of j and 1053?
117
Let w(n) = n**3 - 2*n**2 - 7*n + 6. Let j be w(3). Let i be 7/(-3)*(-1 - (j + 8)). What is the greatest common divisor of 91 and i?
7
Let a(l) = 10*l**2 - 43*l - 126. Let n be a(38). What is the greatest common divisor of 40 and n?
40
Suppose 102 + 90 = y. What is the highest common divisor of y and 416?
32
Let y be 22/2 + (-9 - -6). Suppose 25*a - 13*a - 48 = 0. Let c be 85 - 77 - -1*a. What is the highest common factor of y and c?
4
Let t be (20/(-8) + 3)*60/(-1). Let h = t - -48. Let z be h + ((-2)/9 - 348/(-108)). What is the greatest common factor of z and 63?
21
Suppose -w + 399 + 268 = -4*j, -2*j - 3263 = -5*w. Calculate the highest common factor of w and 504.
21
Suppose -29 = -2*x + 11. Suppose -3*z + 1082 = -2*z. Suppose 5*y = -382 + z. What is the greatest common factor of y and x?
20
Let l(b) be the third derivative of b**6/120 - 11*b**5/30 + 11*b**4/12 - b**3/2 - b**2 - b. Let w be l(21). Calculate the greatest common factor of w and 48.
6
Suppose -149*b = -150*b + 4. Suppose 20 = -5*z, z + 1179 = b*q - 73. What is the greatest common divisor of 24 and q?
24
Let c be (24/(-2))/((-1)/(-6)*-1*9). Let g(r) = -r**3 - 6*r**2 - 5*r - 6. Let m be g(-6). What is the highest common divisor of c and m?
8
Suppose -b - 2*d = 5, -19*d = -18*d + 6. What is the greatest common divisor of 189 and b?
7
Let o be (-10)/(-3)*(9 - (9 - (-20328)/(-70))). What is the greatest common divisor of 72 and o?
8
Let s(q) be the first derivative of 7*q**2/2 + 3*q - 3. Let r be s(-1). Let m be (2/r)/(8/(-128)). What is the greatest common divisor of 64 and m?
8
Suppose 0 = 7*w - w - 12. Let i be w + 284/(-6) + 36/(-54). Let y = 65 + i. What is the greatest common divisor of y and 152?
19
Suppose 8327 = 39*u - 3763. What is the greatest common factor of u and 4030?
310
Let f be (-727)/(-2)*(35 - 9). What is the greatest common divisor of 13 and f?
13
Let h be (-54)/9*2/(-4). Suppose -3*w = 3*i - 531, 4*i + i - 877 = h*w. What is the highest common factor of i and 22?
22
Let j(y) = 2*y**2 + 130*y + 440. Let f be j(-62). Suppose 2*d = -0*d + 1088. Calculate the highest common divisor of d and f.
68
Let z(h) = h**3 - 6*h**2 - 15*h - 10. Let i be z(7). Let y = i - -73. Calculate the greatest common factor of 49 and y.
7
Suppose 4902*t = 4921*t - 3724. Let p(v) = -v**3 - 11*v**2 + 13*v + 16. Let a be p(-12). What is the highest common divisor of t and a?
4
Suppose -6274*v - 1816 + 388 = -6302*v. Calculate the highest common factor of v and 1479.
51
Let n = 1 + 20. Let j = 84 + -82. Suppose 6 = -j*c - c, -37 = -5*q + c. What is the highest common factor of q and n?
7
Let f(y) = 7 + 378*y**2 + 3 - 379*y**2. Let g be f(3). Let l be -4 + g + (-60)/(-6). What is the greatest common divisor of 7 and l?
7
Suppose -3*j - 3*v + 48 = 0, -3*v + 14 = -5*j + 110. Let s be 2/(-8) - (-161)/4. Let g = s - j. What is the highest common factor of 33 and g?
11
Let z be (-4920)/(-80) - (-6)/(-4)*-1. Let v = -1216 - -1783. Calculate the highest common factor of v and z.
63
Suppose -c + 23 - 106 = -r, 0 = 3*c + 4*r + 263. Let g be 2/((-8)/218) + (-312)/(-208). Let s = g - c. What is the highest common divisor of s and 288?
32
Let k be ((-374)/(-102))/((-1)/(-3)). Let b(p) = 4*p + 32. Let t be b(14). What is the greatest common divisor of t and k?
11
Suppose 0 = 8*o - 64 - 24. Suppose -30 = o*u - 195. Suppose 0 = 5*q - 5*s - 30, q = 2*q - 5*s - 18. Calculate the highest common factor of q and u.
3
Let a = -287 - -277. Let h(f) = 2*f**3 - 2*f**2 + 6*f. Let y be h(-5). Let l be ((y/(-12))/(-11))/(1/a). Calculate the highest common factor of 200 and l.
25
Suppose -2*u - 5*f = -722 - 1048, 0 = 2*u - f - 1770. Let k = u - 854. What is the greatest common divisor of 62 and k?
31
Let b be (5/(-2))/(60/(-48)). Suppose 164 = 2*y - b*w, 5*y - 164 = 3*y - 4*w. What is the greatest common factor of 2 and y?
2
Suppose -6*c - 100 + 327 = 5*p, -4*p + 3*c + 205 = 0. Calculate the highest common divisor of 1715 and p.
49
Suppose 2 = -u, 6*u - 10*u = 2*r - 292. Calculate the highest common factor of r and 48.
6
Let t be 3 + (4 - 7) + 3. Suppose 76 = t*v - 4*b, 3*v + 3*b = b + 70. Let q be (6 + 28/(-6))/(2/v). What is the highest common factor of 4 and q?
4
Suppose 3*n - 7 = 32. Suppose -6 = 2*y - 10. Suppose -4*c - 4 = 2*r - y, -r - 3 = c. What is the highest common divisor of n and c?
1
Let z = 1649 - 1619. What is the greatest common facto